ive of i**3/6 + 7*i**2/2 - 12*i. Give k(-7).
0
Let p(k) = -k + 5. Let g = 0 - 4. Let a be (2/g)/((-4)/16). Let i = -2 + a. What is p(i)?
5
Let f(u) = -u**3 - 2*u**2 + 2*u + 2. Let a be 2 + -3 + -2 + 6. Suppose a*v = -4*t + 6 + 5, v - 4 = -t. Suppose h + v*o = 23, o + 2*o = 4*h + 23. Give f(h).
-2
Let g(o) = -o**2 - 7*o - 7. Let w be g(-6). Let p(i) be the first derivative of -i**3/3 - i**2 - i - 2. Calculate p(w).
0
Suppose 3*a = -2 + 17. Let w = -22 - -37. Let k(o) = 3*o + 0*o + 3*o + w - 18 - o**2. Determine k(a).
2
Suppose h = -1, 2*w = -2*w - 2*h - 18. Let r(k) = 4*k**3 + 0 - 5*k**3 + 3*k + 0 + 1 - 3*k**2. Calculate r(w).
5
Let v = -1 - -1. Let z be (-12)/(-7) + 8/28. Suppose 4*w + z + 2 = v. Let f(p) = 7*p + 1. Calculate f(w).
-6
Let o(i) = -i**2 + 5*i. Let q(n) = 0 + 6*n - n**2 + 2*n**2 + 3*n + 6. Let l be q(-9). Determine o(l).
-6
Let p be (-3)/(-12) + 5/(-4). Let m be p/2 + 39/6. Let t(v) = -v**2 + 7*v - 8. What is t(m)?
-2
Suppose 3*r + 26 + 19 = 0. Let q = r - -10. Let x = 6 + q. Let j(c) = c - 1. What is j(x)?
0
Let l(z) = z**2 - 6*z + 2. Let h be l(6). Let o(t) be the first derivative of -h + 2 - 2 - 2*t**2. What is o(1)?
-4
Let x = -12 + 7. Let p(t) be the third derivative of 0 + 7*t**2 + 0*t - 1/24*t**4 - 2*t**3. Calculate p(x).
-7
Let j(g) = -g**3 - 2*g**2 - 2*g - 1. Let s be j(-1). Let r(z) = 0*z**3 + s*z**3 + 2 + z**3 - z - 3*z**2. Give r(3).
-1
Let g(h) = h**3 - 4*h**2 - h + 2. Let m be (-2)/(-7) + (-231)/(-49). Suppose -6 - 4 = -m*w. Determine g(w).
-8
Let w = -7 - -7. Let u be 2 - (-2)/(-4)*w. Let t(p) = p**3 + p**2 - 3*p + 2. Calculate t(u).
8
Suppose 5*a - k + 21 = 0, 2*a + 2*a + 18 = 2*k. Let o(r) = -r**3 - 6*r**2 - 5*r + 3. Give o(a).
-9
Let s(r) = 4 + 23*r - 10*r - 12*r. Give s(-5).
-1
Suppose 2*p - k + 3 = 0, 3*k = 2*p + k + 8. Let n(q) = q**2 + q. Determine n(p).
2
Let u(b) = -3*b - 5. Suppose 0 = -5*k + 3 - 28. Calculate u(k).
10
Let h(x) = x - 5. Let c(m) = -4*m + 19. Let f(b) = -2*c(b) - 9*h(b). Let j(w) = -w**2 + 8*w - 7. Let u be j(6). Calculate f(u).
2
Let k(i) = i - 12. Let v be k(10). Let u(o) = -o**3 - 2*o - 3. Give u(v).
9
Suppose 2*v = -v. Let x be (3 + 1)*1 - v. Suppose 0 = a - 4*w + 3, -1 = -2*a - x*w - 7. Let i(z) = -z**2 - z. Calculate i(a).
-6
Let m(a) = -4*a**3 - 13*a**2 + 3*a - 3. Let t(k) = 5*k**3 + 14*k**2 - 2*k + 2. Let g(l) = 6*m(l) + 5*t(l). Determine g(7).
-1
Let z(k) = -k**3 - 5*k**2 - k - 1. Suppose -2*m - 3*c - 10 = 0, c = -c. Give z(m).
4
Let y = 0 + 2. Suppose -11 = t - 4*l, 5*l = -4*t + y*l + 32. Let h(c) = -8*c**2 + 6*c - 5 + 6*c**2 + c**3 - 4*c**2. Determine h(t).
0
Let r be ((-48)/(-42))/((-4)/(-14)). Let z(s) be the second derivative of -s**3/3 + 3*s**2 - s. Calculate z(r).
-2
Let v(d) = -d**3 + 6*d**2 - d + 4. Suppose -p + 3*w + 12 = 0, -3*p + 5*w + 1 = -27. What is v(p)?
-2
Let q(n) = 5*n - 18. Let f(o) = -2*o + 6. Let u(g) = -11*f(g) - 4*q(g). Let z = 3 + -7. Give u(z).
-2
Let g(p) = p + 6. Suppose 2*n = -n + 18. Let x(a) = -a - 5. Let v(j) = n*g(j) + 7*x(j). Give v(-1).
2
Let h be (-3)/(-5) + 115/(-25). Let r(j) = j**2 - j + 1. Let w(n) = -9*n**2 + 6*n - 3. Let x(m) = h*r(m) - w(m). Let f be 0 - (2*-1)/(-2). Give x(f).
6
Let g(h) be the third derivative of h**5/10 - h**4/24 - h**3/6 + 7*h**2. Determine g(-1).
6
Let r(z) = -z**3 + 2*z**2 + 2*z - 4. Suppose 0 = -88*c + 83*c + 20. Determine r(c).
-28
Let m = 3/7 + -29/84. Let j(d) be the second derivative of 0 + 1/2*d**3 - m*d**4 + d + 5/2*d**2. What is j(5)?
-5
Let y(h) = -2*h**2 - h - 1. Suppose -2*x - 3*k - 2 = 0, 4*k - 2 = 2*x - 0*x. What is y(x)?
-2
Let y(i) = i - 5. Let o be (-7)/(-2)*2/1. Let n(j) = -j**2 + 8*j - 4. Let s be n(o). Let f be 7 + 2 + (-9)/s. What is y(f)?
1
Let c(n) be the second derivative of 5*n**3/6 + n**2 - 17*n. What is c(-2)?
-8
Let j(n) = n**3 + 1 + 1 + 1 + 3*n**2 + 3*n. Suppose 3*a + 2*a = -10. Give j(a).
1
Let x(a) = a**2 + 4*a - 7. Let i(n) = -5*n**3 + n**2 - 7*n + 7. Let l(p) = -4*p**3 - 7*p + 6. Let b(j) = -5*i(j) + 6*l(j). Let v be b(6). What is x(v)?
-2
Let i(d) = -d**2 - 9. Suppose s + 6*c - 2*c - 8 = 0, -19 = -4*s - 3*c. Suppose 6*v = v - 3*p - 3, -5*v = -s*p - 4. Give i(v).
-9
Suppose -f - 5*p = -18, 3*f + p = 15 + 11. Let s(a) = -a**2 + 9*a - 5. Let g be s(f). Let v(i) = -i**2 + 1 + 2 + 2*i - 2 + i**g. What is v(2)?
9
Let a(m) = -2*m**2 - 10*m - 6. Let l(t) = -t**2 - 5*t - 3. Let q(j) = -6*a(j) + 13*l(j). Let d be q(-3). Let f(s) = -s**2 + 3. Give f(d).
-6
Let j(m) = m**2 - 14*m - 12. Let i be j(15). Let b(d) be the second derivative of -1/20*d**5 + 0 - 3*d - d**2 + 1/4*d**4 + 1/3*d**3. What is b(i)?
4
Let j(m) = -5 + 5*m - m**3 - 4*m + 7. Suppose 10 = 4*i + 2. Suppose 0 = i*t + 2 - 6. Give j(t).
-4
Let s(z) = 3*z - 4. Let m(c) = -22*c + 15. Let q(h) = -h - 1. Let t(x) = -m(x) + 6*q(x). Let k(w) = 11*s(w) - 2*t(w). Determine k(4).
2
Let b(l) = 41 - 19 - 21 + 10*l. Determine b(1).
11
Let t(f) be the first derivative of -3*f - 5/6*f**3 + 1/2*f**2 - 1. Let u(n) be the first derivative of t(n). Calculate u(-1).
6
Let c be (66/3)/(1 - -1). Let g(f) = 2*f**2 + f**3 - 2*f**2 + c + 2*f - 3*f. Give g(0).
11
Suppose 3*g + 7*v + 13 = 3*v, 0 = -3*g + 2*v - 7. Let f(x) = -x**3 - 2*x**2 - 2*x - 3. What is f(g)?
12
Suppose 0 = 5*a - 0*a - 40. Suppose 0 = a*y - 12*y. Let t(n) = -n**3 + n**2 - n + 15. Give t(y).
15
Let i(y) = 12*y**2 + y + 1. Let r(q) = 2*q**2. Let f(c) = 2*i(c) - 11*r(c). Let g(v) = -3*v**2 - 5*v - 5. Let u(h) = 5*f(h) + 3*g(h). Give u(4).
-9
Let r(i) = 9*i - 28. Let q(g) = -4*g + 4. Let l(z) = 1. Let t(a) = -10*l(a) - q(a). Let x(w) = -3*r(w) + 7*t(w). What is x(7)?
-7
Let l(z) = -z**3 + 3*z**2 + z - 5. Let j(k) = -4*k - 20. Let y be j(-6). Determine l(y).
-17
Suppose -11*q = -14*q. Let w(t) = -3*t - 65. Let m(a) = a + 22. Let k(p) = -11*m(p) - 4*w(p). Give k(q).
18
Let g = 18 - 4. Suppose -3*o - 5 + g = 0. Let p(k) = k**3 - 3*k**2 - k - 3. Give p(o).
-6
Let d be (-3)/(2/(-2)) + -3. Let a(c) = 8*c + 1 - 3*c + d*c - 2*c. What is a(-2)?
-5
Let m(y) be the first derivative of y**6/360 + y**5/15 + y**4/8 - y**3/3 + 4. Let i(a) be the third derivative of m(a). Determine i(-6).
-9
Let s(d) be the third derivative of -d**5/60 + 5*d**4/24 + d**3/6 - 5*d**2. Give s(4).
5
Let i(c) = c**2 + 13*c + 14. Let h be i(-12). Let p(w) = 2*w**3 + w**2 - 3*w + 1. Determine p(h).
15
Let p(b) = b**3 + 3*b**2 - 3*b + 4. Let d be p(-4). Let w(g) be the second derivative of g**4/12 + 2*g**2 - g. Give w(d).
4
Suppose 2*b - 4*s + 1 - 3 = 0, 2*s = 4*b + 14. Let v(k) be the second derivative of -k**3/3 - 3*k**2 + k. Determine v(b).
4
Let z(u) = -3*u - 11. Let y(k) = 7*k + 23. Let x(d) = 4*y(d) + 9*z(d). Let b(j) = 3*j**2 - 2*j - 1. Let h be b(2). Suppose -2*a + h = -1. Determine x(a).
-3
Let r(h) = h**3 + 1 + h + 2*h**2 + 3*h**2 + 3*h. Let f = 4 + -7. Give r(f).
7
Let d(w) be the first derivative of -w**2 - 10*w + 37. Determine d(-10).
10
Let k(z) be the second derivative of z**5/120 + z**4/12 + z**3/3 - 3*z. Let t(n) be the second derivative of k(n). Calculate t(-4).
-2
Let b(v) = -5*v**3 + v**2 + 2*v + 1. Suppose 5*l + 15 - 1 = 3*s, 4*s - 11 = -l. Give b(l).
5
Let j be 3 + 126/(-7)*1/2. Let b(g) = g**2 + 7*g - 3. What is b(j)?
-9
Let i(j) = -j**3 - 2*j**2 - 2*j - 2. Let q be i(-2). Let w(a) be the third derivative of a**6/120 + a**5/20 - a**4/8 + a**3/6 - 5*a**2 - 2. Calculate w(q).
15
Let l(g) = 5*g - 1. Let f(x) = x. Let c(k) = 2*f(k) - l(k). Let r be 2/2 - (1 + -2). Let q be ((-4)/(-6)*3)/r. Determine c(q).
-2
Suppose -2*a + f + 0*f = -9, 2*f = -2. Let k(x) = -2*x + 2. Let i(r) = -4*r + 5. Let v(w) = -4*i(w) + 7*k(w). What is v(a)?
2
Let u(a) = a**3 + 3*a**2 + a - 1. Let p be 4/(-10) + (-52)/(-5). Let w = p + -13. Determine u(w).
-4
Let g be (-4 - 2)*2/4. Let k(j) = j**3 + 3*j**2 + 4. What is k(g)?
4
Suppose 0 = -4*x - 1 + 25. Suppose 7*y = 4*y - x. Let l be -1*2*2/y. Let r(j) = j**3 - 5*j**2 + 4*j - 2. What is r(l)?
-6
Let g(r) be the first derivative of -3*r**4/4 + r**3/3 - r**2/2 + 6. Determine g(1).
-3
Let f be (-140)/(-34) + -4 + (-72)/34. Let m(i) = -i**2 + i. Determine m(f).
-6
Let u(x) be the first derivative of -x**6/180 - x**5/40 - x**4/24 - x**3 - 2. Let i(k) be the third derivative of u(k). What is i(-2)?
-3
Let n(k) be the first derivative of -k**2/2 + 9*k + 63. Give n(6).
3
Let l(a) be the first de